 4*z + z + 9*z**2. Let d be t(-1). Let g = -6 + d. What are the prime factors of g?
2
Let g be -2 + -1 - (1 - 4). Let t(s) = s + g*s + 14 - 2*s. List the prime factors of t(0).
2, 7
Suppose -2*i + 28 + 26 = 0. List the prime factors of i.
3
Suppose 5*i = -4*a + 25, -3*i + a + 7 = -8. What are the prime factors of 5/i - (-31 - -1)?
31
Suppose -4*u + 8 = -0*u. Suppose -42 = -2*t - t - k, -4*k - 28 = -u*t. List the prime factors of t.
2, 7
Let x(w) = w**2 - 6*w + 8. List the prime factors of x(6).
2
Let z(d) = -7 + d**2 - 8*d - 4*d**2 - d**3 - 4*d**2. What are the prime factors of z(-6)?
5
Let i(m) = -m**2 - 9*m + 11. What are the prime factors of i(-9)?
11
Suppose -60 = -u - 18. List the prime factors of u.
2, 3, 7
Let v(z) = -z**2. Let g be v(-2). Let o = -1 - g. Suppose -4*t = -5*i + 67, -3*i + 4*i = -o*t + 21. What are the prime factors of i?
3, 5
Let a be (2 - 8/5)*-5. Let w be (-256)/14 - a/7. Let n = -12 - w. What are the prime factors of n?
2, 3
Suppose -3*k + 20 = 2*g, 4*k + k - 32 = -3*g. Suppose 0 = 4*b - k - 4. Suppose -b - 48 = -5*r. What are the prime factors of r?
2, 5
Suppose -5*b = -2*m - 19, -3*b + 22 = 3*m - 2. What are the prime factors of m?
3
Let b(v) = -v**3 + 14*v**2 + 22*v + 11. What are the prime factors of b(15)?
2, 29
Let n = -25 + 27. Suppose z - 3*o - 44 = -0*z, -2*o + 104 = n*z. What are the prime factors of z?
2, 5
Let i = -76 - -124. List the prime factors of i.
2, 3
Let k be (-4)/18 - (-34)/(-9). Let v = 35 + -25. Let c = v + k. List the prime factors of c.
2, 3
What are the prime factors of ((-6)/7)/(2/(-28))?
2, 3
Let a(c) = c**3 - c**2 + 1. Let g be a(-1). Let o = -1 - g. Suppose o = -p + 3. List the prime factors of p.
3
Let t be ((-258)/9)/(4/(-6)). Suppose 2*i = 0, -d + i + 2 = -1. Suppose 3*p = -d*c - c + 30, p = -5*c + t. What are the prime factors of c?
3
Suppose 0 = 7*a - 2*a - 470. What are the prime factors of a?
2, 47
Let y(a) = -a**2 - 8*a + 11. Let q be y(-9). Let z(o) = o - 4. Let f be z(6). What are the prime factors of q/(-2) - (-13 + f)?
2, 5
Suppose 7*f = 16*f - 531. What are the prime factors of f?
59
Suppose 4*p + 5*u - 4*u - 228 = 0, 0 = -5*p - 2*u + 288. What are the prime factors of p?
2, 7
Let t(u) = 2*u - 2. What are the prime factors of t(12)?
2, 11
Let r be (1 - 2/1) + 17. Let i be 60/r + (-2)/(-8). Suppose -12 = -4*t + i. What are the prime factors of t?
2
Let w(u) = -u**3 - 9*u**2 - 7*u + 19. List the prime factors of w(-9).
2, 41
Suppose -5*y + 9 = -46. List the prime factors of y.
11
Suppose 2*p - 196 = 2*f, 0 = 4*p + 5*f - 4*f - 392. What are the prime factors of p?
2, 7
Let c be (9/(-12))/(3/(-24)). Suppose p + 4*p = -w + 7, w + p - 3 = 0. What are the prime factors of w*(3 - (-9)/c)?
3
Let q = 38 - 16. List the prime factors of q.
2, 11
Let n = 51 + -38. List the prime factors of n.
13
Let n(w) be the second derivative of -w**5/20 + w**4/2 + w**3/2 + 7*w**2/2 - 7*w. List the prime factors of n(6).
5
Suppose 12*p - 1852 + 184 = 0. List the prime factors of p.
139
Suppose -4*n - 36 = 2*t, 0*n + 2*n + 5*t = -34. Let z = 12 + n. List the prime factors of z.
5
Suppose -11*x + 10*x = -76. List the prime factors of x.
2, 19
Let p(o) = o**3 - 9*o**2 + o + 11. List the prime factors of p(9).
2, 5
Suppose 2*j - 7*j + 20 = 0. Let c(q) = -q**2 - 7*q - 5. Let r be c(-5). Suppose -r*a + j = -21. List the prime factors of a.
5
Let g = -17 - -141. What are the prime factors of g?
2, 31
Let i(s) = s**3 - 2*s**2 - 4*s + 3. Let n be i(3). Suppose -3*t + 34 + 20 = n. What are the prime factors of t?
2, 3
Let m(x) = -152*x**3 + 4*x**2 + 5*x + 2. List the prime factors of m(-1).
3, 17
Let x(t) be the second derivative of -t**4/12 - t**3/6 + 3*t**2/2 - 2*t. List the prime factors of x(0).
3
Let m = 160 + 14. What are the prime factors of m?
2, 3, 29
Let h be (-1)/1 + -31 + -1. Let d = -6 - h. Suppose 3*z - 6*z = -d. What are the prime factors of z?
3
Suppose -5*u - 12 = 13, -5*u - 133 = -4*r. What are the prime factors of r?
3
Suppose 16*v - 1834 = 2*v. List the prime factors of v.
131
Suppose 2*o = -60 + 316. List the prime factors of o.
2
Suppose -5*k + 40 + 160 = -4*l, 51 = k - 3*l. Suppose 0 = 6*g - 3*g - k. List the prime factors of g.
2, 3
Suppose 4*b - 672 = -0*b + 4*p, 3*b - 5*p = 502. List the prime factors of b.
13
Let w(d) = -2*d**3 - d**2 + 1. Let o be w(-1). Suppose -6 - 2 = -o*j. Suppose -5 = 3*s + j*a, 0 = 2*s - 4*s - 4*a - 10. List the prime factors of s.
5
Let p = 15 + -8. Let b = -5 + p. List the prime factors of b.
2
Let y(o) = 4*o - 1 - 2*o + o. What are the prime factors of y(1)?
2
Let i(m) be the first derivative of -m**3/3 - 4*m**2 + 3*m + 2. List the prime factors of i(-7).
2, 5
Suppose 4*o = 2 + 2. Let r = o + 1. What are the prime factors of r?
2
Suppose f - 3 = -2*c + 1, c + 4*f = -5. Suppose -9 = 5*g + r - 55, -24 = -c*g + 3*r. List the prime factors of g.
3
Let w(j) = 2*j - 4. Let r be w(4). Suppose 5*g - 5*u = -2*u + 33, -20 = -r*g + 4*u. List the prime factors of g.
3
Let f be -5*((-2)/1 + -8). Let h = f - -10. Suppose 5*z = 5*c - h, -42 = -3*c + 6*z - z. List the prime factors of c.
3
Let h = 3 - -11. What are the prime factors of 0/(-1) + h + -3?
11
Suppose 26*d - 5852 = 7*d. List the prime factors of d.
2, 7, 11
Suppose 4*a - 293 = -f, -f + 3*f - 68 = -a. What are the prime factors of a?
2, 37
Suppose -4*i + 8 = 0, 0 = k + 3*k + 2*i. List the prime factors of ((-8)/(-6))/(k/(-12)).
2
Suppose -247 - 383 = -14*z. What are the prime factors of z?
3, 5
Let o(s) = -16*s. Let q(v) = -v**2 + 11*v - 8. Let c be q(10). Let t(m) = m. Let z(a) = c*o(a) + 24*t(a). List the prime factors of z(-1).
2
Let u = 67 + -37. Let f be (-24)/((-2)/4*1). Let x = f - u. What are the prime factors of x?
2, 3
Suppose 20 = 4*d, -6 = -a + 2*d + 23. What are the prime factors of a?
3, 13
Suppose 2*d = 2*s, -s = -0*s + 2*d. Suppose -153 = -3*x - s*x. What are the prime factors of x?
3, 17
Suppose -5*q - 194 - 276 = 0. Let x = q + 146. What are the prime factors of x?
2, 13
Let p be (-2)/(-2 + (-524)/(-264)). Suppose p = 3*u + 6. List the prime factors of u.
2, 3, 7
Suppose 0*n + 3*x - 54 = -4*n, 3*n + 4*x = 44. Suppose -5*j = 2 - n. Suppose -j*b = b - 6. List the prime factors of b.
2
Let w(n) = -13*n + 41. Let r(a) = -20*a + 61. Let v(c) = -5*r(c) + 7*w(c). List the prime factors of v(8).
2, 3
Suppose -3*m + 5 = -4. Suppose 5*r - 2*i = 69, -3*r = -m*i - 13 - 23. List the prime factors of r.
3, 5
Let m(n) = 7*n**3 - n**2 - 3*n + 1. Let u be m(3). Let b be u/12 + (-4)/(-6). Suppose -2*x + b + 3 = 0. What are the prime factors of x?
3
Suppose -619 = -3*a + s + 238, -3*a + 5*s + 841 = 0. List the prime factors of a.
7, 41
Let k(o) = -o**3 + o**2 - o - 4. Let a be k(-3). Suppose -4*y = y - a. List the prime factors of y.
7
Suppose -5*z + s + s + 20 = 0, s - 16 = -4*z. Suppose z*w - 44 = 5*k + 30, 4*w + 5*k - 54 = 0. What are the prime factors of w?
2
Let l(c) = c**3 + 5*c**2 - 2. Let d(h) = h**2 + 4*h - 4. Let z be d(-4). What are the prime factors of l(z)?
2, 7
Suppose o = -7*n + 2*n + 109, 5*n + 5*o - 105 = 0. List the prime factors of n.
2, 11
Suppose -3*g + 342 = -3*z, 0*g = -2*g - 2*z + 224. What are the prime factors of g?
113
Suppose r - 18 = 2. List the prime factors of r.
2, 5
Let v(p) = p - 3. Let b be v(-3). Let s = 1 - b. What are the prime factors of s?
7
Let q(t) = t**2 + 15*t - 26. List the prime factors of q(-18).
2, 7
Let r(a) = 2*a - 3*a + 4 + 0*a. Let k be r(4). Suppose -2*q + 61 = 3*q - 2*p, k = -4*q - 4*p + 32. List the prime factors of q.
11
Let f(a) be the third derivative of a**5/60 + a**3/2 - 2*a**2. Let j be f(-3). Suppose -j = -5*w + 2*w. What are the prime factors of w?
2
Let l be -4 - ((-2)/(-2) - 1). List the prime factors of 4*2/l*-5.
2, 5
Suppose -o - 1 = 2. What are the prime factors of (-1)/(-3) - 65/o?
2, 11
Let i be 1*3 + (9 - -18). Suppose y + 4*y - 90 = 5*f, -2*y = f - i. What are the prime factors of y?
2
Suppose v - 134 = -38. Suppose 4*l - v = -28. Let k = -10 + l. What are the prime factors of k?
7
Let f = 106 - 44. List the prime factors of f.
2, 31
Let t = 5 - 7. List the prime factors of 0 + t + 0 + 25.
23
Let i be 39/52*(-4)/(-1). Let g be 5/(-2)*(-3 + 1). Suppose i*o + 11 = k, 5*o = -4*k - k - g. List the prime factors of k.
2
Suppose -5*l + 113 - 28